ase 15) to base 16.
101
0 (base 10) to base 13
0
Convert -79 (base 14) to base 4.
-1223
What is -13b (base 16) in base 4?
-10323
0 (base 16) to base 2
0
-35 (base 16) to base 6
-125
Convert -72 (base 8) to base 14.
-42
Convert -22 (base 5) to base 13.
-c
Convert -2 (base 5) to base 9.
-2
2 (base 9) to base 12
2
What is -3 (base 5) in base 12?
-3
Convert 25 (base 6) to base 5.
32
67 (base 8) to base 16
37
What is 131 (base 5) in base 3?
1112
What is 1 (base 2) in base 12?
1
Convert -311 (base 4) to base 15.
-38
Convert 0 (base 7) to base 9.
0
What is 6e (base 15) in base 5?
404
What is -13 (base 8) in base 14?
-b
314 (base 7) to base 14
b4
16 (base 15) to base 14
17
7 (base 9) to base 2
111
Convert -12 (base 6) to base 14.
-8
What is -7 (base 14) in base 4?
-13
What is -10f (base 16) in base 8?
-417
Convert 1 (base 3) to base 2.
1
What is -100 (base 2) in base 9?
-4
Convert -3 (base 6) to base 11.
-3
What is 44 (base 13) in base 11?
51
Convert 6 (base 7) to base 8.
6
Convert -15 (base 8) to base 5.
-23
What is -38 (base 12) in base 6?
-112
Convert -5d (base 16) to base 11.
-85
What is -3 (base 9) in base 14?
-3
What is -67 (base 11) in base 2?
-1001001
3 (base 7) to base 3
10
-230 (base 7) to base 8
-167
-56 (base 9) to base 12
-43
What is -2 (base 15) in base 14?
-2
1 (base 12) to base 14
1
Convert a0 (base 11) to base 3.
11002
-12111 (base 3) to base 14
-a8
-101 (base 2) to base 13
-5
-1 (base 7) to base 13
-1
What is 21 (base 4) in base 5?
14
Convert bb (base 15) to base 7.
341
What is -a (base 16) in base 9?
-11
Convert 0 (base 15) to base 14.
0
3203 (base 5) to base 10
428
10 (base 12) to base 9
13
Convert 330 (base 6) to base 12.
a6
Convert -40 (base 5) to base 10.
-20
What is -110 (base 2) in base 13?
-6
97 (base 10) to base 5
342
What is 7 (base 14) in base 9?
7
What is 2 (base 16) in base 11?
2
What is -22 (base 4) in base 16?
-a
-214 (base 5) to base 2
-111011
What is 13 (base 13) in base 5?
31
Convert -1 (base 9) to base 8.
-1
Convert -11101110 (base 2) to base 15.
-10d
Convert 30 (base 4) to base 15.
c
Convert -174 (base 15) to base 11.
-284
136 (base 9) to base 12
96
Convert 16 (base 16) to base 9.
24
Convert -4 (base 9) to base 13.
-4
What is -101111 (base 2) in base 7?
-65
Convert -23 (base 5) to base 10.
-13
-340 (base 6) to base 16
-84
What is -1 (base 9) in base 10?
-1
Convert -10 (base 15) to base 9.
-16
What is -11 (base 4) in base 9?
-5
What is 3 (base 9) in base 15?
3
-200 (base 3) to base 15
-13
Convert 32 (base 10) to base 8.
40
What is 1 (base 4) in base 12?
1
Convert -17 (base 15) to base 5.
-42
101 (base 12) to base 10
145
What is -4 (base 15) in base 8?
-4
-111 (base 3) to base 13
-10
What is 2 (base 6) in base 5?
2
-1000 (base 2) to base 13
-8
Convert 4 (base 11) to base 4.
10
Convert 10030 (base 4) to base 2.
100001100
Convert -10 (base 16) to base 9.
-17
-2b (base 13) to base 3
-1101
Convert c (base 14) to base 5.
22
What is 3 (base 10) in base 7?
3
What is 12 (base 3) in base 9?
5
What is 22 (base 5) in base 8?
14
What is 0 (base 15) in base 16?
0
What is 1012 (base 4) in base 5?
240
-24 (base 15) to base 3
-1021
What is -4 (base 15) in base 11?
-4
What is -3 (base 11) in base 2?
-11
1 (base 8) to base 16
1
What is 0 (base 4) in base 13?
0
Convert 4 (base 5) to base 14.
4
Convert -b2 (base 16) to base 14.
-ca
What is -150 (base 12) in base 4?
-3030
Convert 17 (base 11) to base 4.
102
7 (base 8) to base 6
11
-9 (base 14) to base 4
-21
5 (base 10) to base 7
5
What is -11 (base 12) in base 2?
-1101
-14 (base 5) to base 9
-10
What is 5 (base 8) in base 9?
5
Convert 2 (base 6) to base 5.
2
-7 (base 9) to base 8
-7
Convert 4 (base 10) to base 13.
4
Convert -3 (base 4) to base 5.
-3
What is 2221 (base 4) in base 16?
a9
What is 22001 (base 3) in base 4?
3121
-16 (base 11) to base 12
-15
What is -4 (base 12) in base 14?
-4
What is 5 (base 16) in base 13?
5
Convert -2a (base 11) to base 3.
-1012
What is -20 (base 5) in base 10?
-10
-4 (base 14) to base 12
-4
-101 (base 5) to base 15
-1b
Convert 102 (base 4) to base 5.
33
What is 10010001 (base 2) in base 7?
265
Convert -33 (base 4) to base 16.
-f
Convert 4 (base 12) to base 9.
4
Convert 11 (base 6) to base 12.
7
-7 (base 13) to base 8
-7
Convert -10111110 (base 2) to base 12.
-13a
Convert -4 (base 9) to base 11.
-4
Convert -103 (base 8) to base 7.
-124
-7 (base 12) to base 11
-7
0 (base 11) to base 13
0
Convert -100101 (base 2) to base 9.
-41
Convert -8 (base 13) to base 11.
-8
311 (base 5) to base 3
10000
3110 (base 4) to base 5
1322
-20 (base 12) to base 2
-11000
Convert 3 (base 12) to base 15.
3
What is -2 (base 8) in base 6?
-2
Convert -3 (base 14) to base 13.
-3
What is -3 (base 9) in base 14?
-3
34 (base 10) to base 2
100010
Convert 2 (base 7) to base 10.
2
What is -2202 (base 4) in base 16?
-a2
Convert -11010 (base 3) to base 13.
-87
What is -10 (base 2) in base 11?
-2
Convert -1 (base 9) to base 7.
-1
-1011001 (base 2) to base 12
-75
Convert 4 (base 8) to base 2.
100
Convert 19 (base 14) to base 10.
23
22 (base 7) to base 16
10
24 (base 11) to base 8
32
Convert 6 (base 10) to base 6.
10
-12011 (base 4) to base 14
-1db
-3 (base 4) to base 15
-3
What is -1 (base 6) in base 16?
-1
-103 (base 4) to base 16
-13
-135 (base 8) to base 10
-93
-9 (base 11) to base 13
-9
Convert 1 (base 8) to base 15.
1
What is -11 (base 2) in base 7?
-3
What is 7 (base 14) in base 16?
7
-3 (base 8) to base 15
-3
What is -241 (base 6) in base 16?
-61
What is 5 (base 14) in base 12?
5
What is 1 (base 8) in base 16?
1
Convert 5 (base 6) to base 13.
5
Convert -13 (base 10) to base 4.
-31
Convert -334 (base 9) to base 8.
-422
Convert 218 (base 11) to base 7.
522
What is -5 (base 11) in base 7?
-5
1010 (base 3) to base 12
26
Convert -255 (base 7) to base 6.
-350
Convert 3 (base 14) to base 6.
3
Convert -101 (base 2) to base 9.
-5
What is -4 (base 16) in base 15?
-4
-12 (base 4) to base 15
-6
Convert -273 (base 8) to base 5.
-1222
What is -1a (base 12) in base 14?
-18
Convert 14 (base 12) to base 14.
12
-21 (base 4) to base 10
-9
What is 0 (base 7) in base 16?
0
Convert -1101011 (base 2) to base 12.
-8b
What is -1 (base 14) in base 4?
-1
Convert 201 (base 5) to base 2.
110011
What is -76 (base 10) in base 14?
-56
What is -4 (base 9) in base 5?
-4
Convert -34 (base 9) to base 13.
-25
Convert 332 (base 4) to base 11.
57
What is -4 (base 7) in base 8?
-4
3 (base 9) to base 12
3
Convert -121 (base 4) to base 9.
-27
Convert -1 (base 16) to base 4.
-1
-1 (base 8) to base 14
-1
What is -15 (base 9) in base 14?
-10
Convert 284 (base 10) to base 3.
101112
-5 (base 15) to base 4
-11
Convert -5 (base 13) to base 4.
-11
-11 (base 8) to base 7
-12
What is 2 (base 4) in base 5?
2
What is -3 (base 15) in base 4?
-3
Convert 121 (base 4) to base 2.
11001
Convert 2 (base 5) to base 14.
2
13 (base 5) to base 4
20
What is 0 (base 6) in base 15?
0
Convert -4 (base 5) to base 16.
-4
-1a2 (base 13) to base 5
-2201
What is -186 (base 10) in base 9?
-226
Convert 53 (base 10) to base 14.
3b
Convert 102 (base 3) to base 6.
15
Convert 1010110 (base 2) to base 16.
56
What is -4 (base 5) in base 11?
-4
Convert 112 (base 3) to base 10.
14
What is -208 (base 9) in base 16?
-aa
Convert -2 (base 13) to base 10.
-2
-bc (base 14) to base 4
-2212
What is 1 (base 13) in base 14?
1
Convert 18 (base 12) to base 5.
40
Convert 3a (base 12) to base 7.
64
What is -58 (base 9) in base 4?
-311
-211 (base 8) to base 11
-115
-2 (base 10) to base 11
-2
-626 (base 8) to base 5
-3111
What is -11 (base 3) in base 13?
-4
Convert 3 (base 9) to base 7.
3
Convert -a (base 16) to base 11.
-a
1321 (base 5) to base 15
e1
What is -106 (base 8) in base 14?
-50
Convert -3 (base 15) to base 5.
-3
What is 3 (base 8) in base 10?
3
What is -134 (base 6) in base 7?
-112
Convert -22 (base 15) to base 11.
-2a
Convert -25 (base 7) to base 13.
-16
What is 24 (base 12) in base 4?
130
2 (base 9) to base 12
2
-1 (base 13) to base 16
-1
-11 (base 8) to base 7
-12
What is 1 (base 12) in base 6?
1
1 (base 5) to base 3
1
Convert -36 (base 9) to base 12.
-29
-1 (base 12) to base 8
-1
What is 31 (base 14) in base 15?
2d
Convert -2 (base 3) to base 14.
-2
8 (base 10) to base 14
8
What is 11 (base 7) in base 12?
8
Convert 10 (base 8) to base 12.
8
Convert -7 (base 14) to b